et s(w) = -3*w - 14 + 2*w + 9*w + 7 - w**y. Determine s(b).
5
Let y(v) be the second derivative of 0*v**3 + 34*v + 1/2*v**2 - 1/12*v**4 + 0 - 17/20*v**5. Give y(1).
-17
Let u(l) = -l - 20. Let h be (-5 - -11)/(3/63). Let d = -126 + h. Calculate u(d).
-20
Let d(z) = z**3 + z**2 + z. Let h(r) = 3*r**3 + r**2 + r + 15. Let q(x) = d(x) - h(x). Let j(b) be the first derivative of q(b). Determine j(-1).
-6
Let z(y) = -y**2 - 4*y + 20. Let g(h) = -h**2 - 5*h + 21. Let i(d) = -3*g(d) + 4*z(d). Let c = -2252 + 2252. Calculate i(c).
17
Let b(m) = -m**2 + 1. Let t be (-36)/(-8)*248/279. Calculate b(t).
-15
Let a(h) = h**2 - 7*h + 9. Suppose 0 = 3*q - 4*q + 3. Suppose 0 = -5*p - 3*c - 131, p + 16 = -q*c - c. Let d = p - -35. Calculate a(d).
9
Let p be 3 + -3 + 5 - 0. Suppose 3*l + p = -4. Let i(n) = -24 - 30 - 23 - 4*n + 75. What is i(l)?
10
Let g(h) = h. Let a(o) = -3*o + o + 0 + 3*o + 1. Let s(t) = 2*a(t) - 3*g(t). Give s(2).
0
Let d be 15/(-10)*120/9. Let b(h) = h + 19. Determine b(d).
-1
Suppose 0 = 5*h - 5, t = 3*h - h - 1. Let a(p) = -5*p**2 - 1 - 1418*p + 1418*p. What is a(t)?
-6
Let p(a) = 2*a**2 - 7*a + 7. Let j be p(5). Let g = j - 14. Suppose 0 = -c + 3*c - g. Let l(i) = -i**2 + 4*i + 2. Determine l(c).
2
Suppose -111 + 138 = -9*f. Let y(m) = -2*m - 2. What is y(f)?
4
Suppose -5*o - 4 = -4*o. Let c(q) = q**3 + 14*q**2 - 17*q - 28. Let w be c(-15). Let u(a) = 30*a - a**2 + 4 - 18*a - w - 14*a. What is u(o)?
-6
Let s(q) = q**3 - 6*q**2 - 8*q + 9. Suppose -2*x = -5*x + 15. Suppose c - 2 = x. Calculate s(c).
2
Let s = 476 - 479. Let g(v) = -v**3 - 5*v**2 + 10. Determine g(s).
-8
Let n(s) be the second derivative of 1/12*s**4 + 1/2*s**3 + 13*s + 0 + 3/2*s**2. Give n(-2).
1
Let d(i) be the second derivative of 0 - 16*i + 1/20*i**5 + 5/6*i**3 + 1/2*i**2 - 7/12*i**4. What is d(6)?
-5
Let p(y) be the first derivative of 3*y**2/2 + 2*y + 84. Calculate p(-3).
-7
Let g(b) be the first derivative of -12 + 0*b + 1/3*b**3 + 1/2*b**2. Give g(-1).
0
Let w(k) = k**2 + 7*k + 8. Let s be w(-6). Suppose -2*z + 8 + 4 = 2*v, -s*v + 5*z = 2. Let m(p) = v + p + 2 + 0. Determine m(0).
6
Let c(p) = p**2. Let k(s) = 6*s**2 - 3. Suppose -2*r - 4 = -6*r. Let o(d) = r*k(d) - 5*c(d). Determine o(-3).
6
Suppose 5*d = 1 - 6. Let r(l) be the second derivative of -2/3*l**3 + 3*l + 0 + 0*l**2. Give r(d).
4
Let o(c) = -3*c**2 + 70*c + 48. Let z be o(24). Let d(m) = m**3 + m**2 + m - 1. What is d(z)?
-1
Let h(j) be the second derivative of -j**5/20 + j**4/2 - j**3 + 6*j**2 + 52*j. Give h(5).
7
Let q(n) = -31*n + 46*n - 14*n - 20. Calculate q(6).
-14
Let q(u) be the second derivative of u**4/12 - 3*u**3/2 - 2*u**2 - 9*u - 23. Give q(9).
-4
Let w(q) = -2*q**2 + 1. Let x(l) = -7*l**2 + 8*l - 7. Let m(n) = 4*w(n) - x(n). Give m(-9).
2
Let v(h) be the third derivative of h**8/20160 - h**7/840 + h**6/144 - 3*h**5/20 + 10*h**2. Let m(l) be the third derivative of v(l). Calculate m(5).
0
Let x(j) = j**2 - j - 9. Let v be x(4). Let i(f) = f**2 - 3. Calculate i(v).
6
Suppose -2*r = r + 21. Let b(g) = -g**3 - 8*g**2 - 5*g - 4. Calculate b(r).
-18
Let t(v) = 2*v**2 + 260*v - 2*v**2 - 263*v + v**2. Calculate t(3).
0
Let p(i) be the first derivative of i**5/60 - i**4/24 - 2*i**3/3 + i**2/2 - 6. Let v(l) be the second derivative of p(l). Determine v(0).
-4
Let k(z) = -z**3 - 7*z**2 - 8*z - 7. Suppose 0 = -w + 4*w - 12. Suppose w*u + 5 = -19. Calculate k(u).
5
Let x(a) = a**3 + 5*a**2 + 4*a + 5. Let h(k) = -k**2 - 3*k + 16. Let b be h(-4). Suppose -b*r = -8*r + 16. Calculate x(r).
5
Let y = 61 + -55. Let k(n) = -n. Let o(w) = 6*w - 7. Let h(p) = 4*k(p) + o(p). Calculate h(y).
5
Let g(k) = -1 + 5*k**2 - k**2 + k**3 + 2. Suppose -2*q - 4*u + 10 = -6, q = 3*u - 17. Give g(q).
9
Let v(w) = -8 - 58*w + 57*w - 7. Let b be v(-15). Let h(s) = b*s - 2 + s + s. What is h(-2)?
-6
Let i(o) = 2*o - 1. Let r be i(-1). Let v be 9/(-2)*(r + 5). Let t(f) = -f - 7. What is t(v)?
2
Let w(u) = -u**2 + 12*u - 18. Let a = 188 - 178. Calculate w(a).
2
Let l(b) = 5*b + 3. Let d be l(3). Let f be d/(-45) - (-7)/5. Let y(g) be the third derivative of -2*g**5/15 + g**4/12 - g**3/6 + 2*g**2. What is y(f)?
-7
Let v be (-6)/33 - (-224)/22. Let m = -1 + v. Suppose -4*f + m = j - 2, 4*j - 3*f + 32 = 0. Let y(q) = -q**3 - 5*q**2 - 6. Determine y(j).
-6
Let i = -35 - -57. Let w(m) = i + 28 - m - 43. What is w(7)?
0
Suppose -4*z + 88 = 80. Suppose 0 = -z*c - 0*c + 6, -h - 3*c = -5. Let g(j) = 4*j + 2. Give g(h).
-14
Let i be -8 - (-2 + -4 - -1). Let v(d) = -d**3 - 5*d**2 - 2*d + 3. Give v(i).
-9
Let b = 16 - 34. Let o = -13 - b. Suppose 5*y = 2*f - 8, -2*y = -o*f + f. Let q(c) = c. What is q(f)?
-1
Let l(b) = -b**3 + 4*b**2 + 6 + b - 7*b - 11*b**2. Let v(w) = -w**2 - 18*w + 22. Let o be v(-15). Suppose -o*d = -72*d - 30. Determine l(d).
6
Let v(h) be the first derivative of h**4/4 + 2*h**3 - 7*h**2/2 - 8. Let r be v(-7). Let y(k) = -3*k + 2 + 3*k**2 + k**3 + k + r*k. Calculate y(-4).
-6
Let o be ((-2)/(-3))/(4/(-408)). Let u = -72 - o. Let x(j) = j**2 + 4*j - 1. What is x(u)?
-1
Let q(t) = 14 - 2 - 4*t - 3*t + 8*t. Calculate q(0).
12
Suppose -8*r + 0*r - 16 = 0. Let s(u) = 3*u**2 + u + 1. What is s(r)?
11
Let h(v) be the third derivative of -v**4/24 + 11*v**3/6 - 51*v**2. What is h(6)?
5
Suppose -12*h = -84 - 12. Let k(r) = -r**3 + 7*r**2 + 7*r + 2. Calculate k(h).
-6
Let l be -22*4/8*-2. Let r = l - 25. Let g(v) = 3*v + 1. Give g(r).
-8
Let k = -9 + 9. Suppose 5*o - 67 + 2 = k. Suppose 2*h + 3 - o = 0. Let t(s) = s**2 - 4*s. What is t(h)?
5
Let o(h) = 0*h**2 - h**2 + h - 3*h + 1 + h**3. Let w be 3/(-1 - 2)*(-13 - -15). Determine o(w).
-7
Suppose 15 + 4 = x. Suppose 2*q - 44 = -0. Let r = x - q. Let d(m) = 3*m. Calculate d(r).
-9
Let b be 1 + 0 + -1*25. Let n = -28 - -11. Let w = b - n. Let a(y) = y. Calculate a(w).
-7
Suppose 0 = 4*y + v - 55, -10 = 2*v. Suppose -y*n - 15 = -18*n. Let k(l) = n*l + 0*l - 110 + 112. What is k(-3)?
-13
Let j(i) = -2 + 4*i - 5 + 0*i + 3*i - 3*i. Give j(6).
17
Let l(r) be the first derivative of -r**3/3 + 3*r**2 - 18*r + 308. Give l(6).
-18
Let q = 93 + -94. Let f(y) = -16*y**3 - y**2 - 2*y - 1. Determine f(q).
16
Let s(p) = 2*p + 7. Let k(x) = x**2 + 9*x. Suppose 5*v + 5*y = -60, -5*y = -v - 5 + 11. Let h be k(v). Suppose 8*q - 5*q + 21 = h. Calculate s(q).
-7
Let j be (-11)/(-2) + (-48)/32. Suppose n = -x - 2, 0*x = -5*n + j*x - 10. Let c(z) = -z**3 - 2*z**2 - 4*z - 2. Calculate c(n).
6
Let i(y) = -3*y**2 - 18*y - 3. Let s(p) = -5*p**2 - 27*p - 4. Let z(t) = 8*i(t) - 5*s(t). Give z(6).
-22
Let g(p) be the second derivative of -3*p**5/5 + p**2/2 + 9*p. Suppose -3*w = -3 - 6. Suppose 0 = -3*h - 5*f + 23, -h = h - w*f + 10. Determine g(h).
-11
Let y(a) be the second derivative of -a**4/12 + 5*a**3/6 + a**2/2 - a. Let l = -86 + 90. Let k be (-110)/(-15) - l - 4/(-6). Give y(k).
5
Let j(h) = -4*h - 10. Suppose -5*q - 286 = -286. Calculate j(q).
-10
Let a = -46 + 51. Let k(q) = -q**3 + 4*q**2 + 5*q + 2. What is k(a)?
2
Let u(i) = -19*i + 9. Let k(l) = 46*l - 22. Let j(a) = 5*k(a) + 12*u(a). Suppose -3*r - 4 = -2*r. Give j(r).
-10
Let i be (-12)/(-15) + 155/25. Suppose i*y = 12*y + 15. Let r(z) = -z**3 - 4*z**2 - z + 4. Give r(y).
-2
Let a(n) = 3*n**2 - n. Let c(b) = -5*b**2 + 3*b - 7. Let t(v) = 2*a(v) + c(v). Determine t(-4).
5
Let l(x) = x**3 + 11*x**2 - 10*x - 15. Let w = -1069 + 1057. Calculate l(w).
-39
Let j(b) be the first derivative of 5*b**2 - 1/3*b**3 - 4*b - 8. What is j(8)?
12
Let x(d) be the first derivative of 3*d - 6 - 1/3*d**3 + 5/2*d**2. Suppose 6*y - 16 = -4*b + 2*y, -15 = -4*b - 5*y. Calculate x(b).
3
Let g(b) = b**2 - 5*b + 3. Suppose 49*r - 47*r = 14. Suppose -r - 18 = -5*i. Determine g(i).
3
Suppose -a - 10 - 6 = -5*r, 0 = a + 5*r - 24. Suppose a*w - 5*w - 3*j = -7, -3*j = -w + 7. Suppose -w*i = -12*i - 10. Let f(k) = k**2 + 3*k - 1. Determine f(i).
-3
Suppose -55 = -2*p + 31. Suppose p*n - 41*n = -2. Let s(d) be the third derivative of d**6/40 + d**5/60 - d**3/6 - d**2. Calculate s(n).
-3
Suppose -8*u + 17*u = -63. Let j(r) = -r**3 - 8*r**2 - 8*r - 10. What is j(u)?
-3
Suppose -254*d = -522*d + 257*d + 44. Let i(a) = 3*a**3 - 9*a**2 - 17*a - 7. Let t(k) = -k**3 + 3*k**2 + 6*k + 2. Let g(o) = 3*i(o) + 8*t(o). Calculate g(d).
-1
Let j(b) = b - 2. Let q(z) = -2*z + 4. Let a be q(-6)